Let g be y(-15). What is the greatest common divisor of 33 and g?
33
Let l = -91 - -93. Suppose -l*g = -77 + 29. What is the greatest common divisor of 192 and g?
24
Suppose -17202 + 843 = -57*n. What is the highest common factor of 14 and n?
7
Let i(j) = 3*j**2 + 8*j + 2. Let v be i(-2). Let s be ((-12)/(-42) - (-22800)/(-28))/v. What is the highest common divisor of 11 and s?
11
Let i = 5493 + -5246. Calculate the greatest common factor of 133 and i.
19
Suppose 32*z + 57*z - 4186 = -72*z. Calculate the greatest common divisor of z and 11.
1
Suppose 6*b - 24 = 5*b. Let f(m) be the first derivative of -55*m**2/2 - 286*m + 185. Let g be f(-10). What is the highest common factor of b and g?
24
Let v(x) = 2*x**3 + 37*x**2 - 24*x + 434. Let o be v(-19). Calculate the highest common divisor of o and 299.
23
Let x(u) = 7*u + 3. Let b be x(0). Let w be (b/(-7)*36)/((-28)/196). What is the highest common divisor of 12 and w?
12
Let t(d) be the second derivative of 5*d**4/12 + d**3/3 - d**2 - d. Let v = 1472 + -1471. Let l be t(v). Calculate the highest common divisor of 5 and l.
5
Let r be 4/22 + 62/22. Suppose -21 = p + r*c, -4*p - 48 = 5*c - 2*c. Let k be 3*(-42)/p*10/4. Calculate the greatest common factor of 7 and k.
7
Let s = -1192 - -1218. Suppose 2*f - 7 = f. Let w = s + f. What is the highest common divisor of 231 and w?
33
Let a(o) = 19*o**2 + 88*o - 11. Let v(j) = 10*j**2 + 44*j - 6. Let k(x) = 6*a(x) - 11*v(x). Let w be k(-12). What is the highest common divisor of w and 60?
12
Let q(m) = 7*m - 2. Let n(y) = -13*y + 5. Let d(p) = 6*n(p) + 13*q(p). Let c be d(-2). Let k = -13 - c. What is the greatest common divisor of 81 and k?
9
Let x be (3 - (6 + 0)) + 55. Let m be (x/10 + 0)*40/16. Let n be m - 18 - (-21 + 0). What is the greatest common factor of n and 2?
2
Let z be 1/((-4)/(-88)) + 3. Suppose -109*m = -114*m + 625. What is the greatest common factor of z and m?
25
Suppose 2*y - 1689 = -2*s + 1375, -y = -2. Let h = 141380 - 141290. What is the greatest common divisor of s and h?
90
Let s be 9/(-3) + (4/(-2) - -101). Suppose 3*a + s = 3*l, -2*l - 58 = -4*l + 4*a. Suppose -4*t + 7 = -21. Calculate the greatest common divisor of t and l.
7
Let a be ((-4193)/(-3))/((-3)/(-9) + 0). Calculate the highest common divisor of a and 7.
7
Suppose -4 = -w + 2. Let c be 304/2*3/w. Let s be (6 + 36 + -39)/(6/38). Calculate the highest common factor of c and s.
19
Let w = 431 - 176. Let x be (w/20)/((-12)/(-128)). Let m = -85 + x. What is the greatest common divisor of m and 17?
17
Let y be 2 + 34/(-1 + 3). Suppose 0 = -6*i - 91 + 1969. Let d = i - 104. Calculate the highest common factor of d and y.
19
Suppose 24*p + 45480 = 3*p + 31*p. What is the greatest common divisor of p and 24?
12
Let v = -4 - -3. Let i(k) = 53*k**2 - 2*k - 1. Let u be i(v). Suppose 40*f - 698 - 308 = 74. What is the greatest common factor of u and f?
27
Let q be 2/(-3)*(-486)/36. Suppose -5*o = 2*v - 460, -5*o - 2*v - v + 465 = 0. Suppose -d + o = d. What is the greatest common factor of d and q?
9
Let n(f) = -17*f + 10. Let m(j) = -j + 12. Let v be m(13). Let p be n(v). What is the greatest common factor of 18 and p?
9
Let q = -27 + 65. Let t = q - 32. Suppose 0 = -4*b + t + 22. What is the greatest common factor of b and 70?
7
Let o = -46 + 82. Suppose 829*n = 910*n - 2916. Calculate the highest common factor of o and n.
36
Suppose 407 = 3*u - 997. Let v be (-1*1/2)/((-26)/u). Let a(w) = 2*w**2 - 9*w + 18. Let s be a(9). What is the highest common divisor of v and s?
9
Let x(c) = 48*c + 3. Let h be x(3). Let g(a) = 62*a**2 + 8*a + 21. Let i be g(0). Calculate the highest common divisor of h and i.
21
Suppose -3*l = -3, 0 = -0*v + 4*v + 2*l - 2754. Calculate the highest common factor of v and 16.
16
Let n(m) = 73*m**2 + 2*m + 1. Let w be n(-1). Suppose r = -2*a - 47, r - 3*a + 0*a + w = 0. Let s = r + 65. Calculate the highest common factor of s and 16.
8
Let m(r) = 2*r**2 + 25*r - 19. Let w be m(-13). Let i be (-1 - 51/w)*(-48)/(-5). Calculate the highest common factor of 180 and i.
36
Suppose 26*y + 6*y + 16704 = 0. Let d = y - -578. What is the highest common divisor of d and 12?
4
Let i = -7390 + 9018. What is the highest common factor of i and 185?
37
Let q = -1850 - -1871. Calculate the greatest common factor of 343 and q.
7
Suppose -21 = 4*w - 45. Let p be (-24)/6 + 1662/18*w. Suppose 12 = 3*y, 0 = 2*d - 5*y + 44 - 124. What is the greatest common divisor of p and d?
50
Let y = 679 - 699. Let j be (-1 - (-328)/y)*(24 - 29). What is the highest common factor of 6 and j?
3
Let u be ((-137241)/138)/((-6)/4). Calculate the highest common factor of 408 and u.
51
Suppose y = -x + 7370, -y = -3*x - 8457 + 1083. What is the highest common divisor of y and 91?
91
Let f be -5 + 93/(1*24/2440). What is the highest common divisor of 45 and f?
45
Let q(u) = -70*u - 266. Let h be q(-5). Let k = 144 + -39. What is the greatest common factor of k and h?
21
Suppose -4 - 11 = 5*y. Suppose -12 = 41*l - 37*l. Let v be (16 + y)/(l/(-12)). Calculate the greatest common divisor of 130 and v.
26
Let d = -13 - 4. Let c = -15 - d. Suppose c*p + 10 = 0, -3*p = 4*k - 4*p - 109. Calculate the highest common divisor of k and 208.
26
Suppose 0 = 2*n - 37 + 1. Let b be ((-94)/(-24))/(273/10647) - 2/(-8). What is the greatest common divisor of b and n?
9
Let t be (19 - 22)*(-12)/(-9). Let a be (t - -28)/6 + 5. Calculate the highest common factor of 3 and a.
3
Suppose -457*g + 62920 = -446*g. Calculate the highest common factor of 176 and g.
88
Let c be 2*(6/1)/(29 + -25). Suppose -10*b + 12*b = -c*q + 399, -4*b + 4*q = -768. Calculate the highest common factor of b and 312.
39
Suppose 4*v + 30 = 14*v. Suppose -3*b - 93 = -5*f, -v*f + 3*b - 6*b + 51 = 0. Calculate the greatest common factor of 18 and f.
18
Let h = -7569 + 7839. Calculate the highest common factor of 17685 and h.
135
Let l be (0 + -2)/(7/(-98)). Let i(h) = -237*h + 9. Let z be i(2). Let j = z - -467. Calculate the highest common divisor of l and j.
2
Suppose -238*v = -3*j - 235*v + 33, -13 = 2*j + 5*v. Calculate the highest common divisor of 786 and j.
6
Let v be 1 + (-8)/(-5) + 6/15. Suppose -4*i - 3*z = -2983, v*i - z - 2250 = z. Calculate the greatest common factor of 17 and i.
17
Suppose 3*o = -9, -11 = -d + 2*o + 5. Suppose -v - d = 4*v. Let p be (-6 + (-69)/v)*(-2)/(-3). Calculate the greatest common divisor of 19 and p.
19
Suppose 8*u - 6*u = 4*z + 17378, -2*u = 5*z - 17369. What is the highest common divisor of 119 and u?
119
Let w(v) be the third derivative of -3*v**4/8 + v**3 + 5*v**2. Let z be w(-6). Let k be 42*(104/168 + 1/(-3)). What is the greatest common factor of k and z?
12
Let g(b) = b**2 + 4*b + 4. Let l be g(-7). Let c(d) = -d**2 + 8*d + 9. Suppose 6*x = 15*x - 36. Let j be c(x). What is the greatest common factor of j and l?
25
Let y be 2*(4 + (-282)/(-12)). Suppose -49*n - 18 = -y*n. What is the greatest common factor of 14 and n?
1
Let f be 9/21 + (-37827)/63. Let y be (f/(-70))/((-4)/(-14)). Suppose 2*b = -2*b + 60. What is the greatest common factor of y and b?
15
Let c = 21580 - 15835. What is the highest common divisor of c and 15?
15
Let j = -2223 + 4432. What is the greatest common divisor of 47 and j?
47
Let a be (-35)/15 - (308/(-6) - (-5 + 4)). Calculate the greatest common factor of a and 30.
6
Let i be 0 - 28/(2 + 2). Let g be (-1)/(2/(-3 + i)). Suppose g*o - 14 = -4*w, 4*w - o - 32 = -w. Calculate the highest common divisor of 12 and w.
6
Suppose 2898 = 6*j + 126. Let k = j - 433. Calculate the highest common divisor of k and 87.
29
Let i = -1728 - -1813. What is the greatest common factor of 18190 and i?
85
Let f(m) = -3*m**3 + 27*m**2 + 56 - 39 + 0*m**3. Let l be f(9). What is the greatest common divisor of 17 and l?
17
Suppose -9*u = -2*i - 7*u - 4, u + 1 = 2*i. Suppose -2*x + 2*y + 52 = 0, -x = -3*x + i*y + 51. What is the highest common divisor of 99 and x?
9
Suppose 145 = o - 15. Let f(v) = -5*v**3 + 3*v**2 - 2*v + 4. Let c be f(-3). Let n = 236 - c. Calculate the highest common divisor of o and n.
32
Let h be 37/37 - (1 + -4). Let f(g) = g**3 + 18*g - 47. Let t be f(h). Calculate the highest common factor of t and 267.
89
Let l = -259 + 616. What is the greatest common divisor of 84 and l?